{"id":71,"date":"2018-03-23T17:40:06","date_gmt":"2018-03-23T16:40:06","guid":{"rendered":"http:\/\/www.nbs-sr.de\/\/?page_id=71"},"modified":"2020-08-05T16:12:03","modified_gmt":"2020-08-05T15:12:03","slug":"nbs-effektive-mikroorganismen-natural-bionicle-systems","status":"publish","type":"page","link":"https:\/\/www.nbs-sr.de\/","title":{"rendered":"Herzlich willkommen"},"content":{"rendered":"<p><span style=\"color: #008000;\"><b>siehe bitte auch Corona Special (s.o.)<\/b><\/span><\/p>\n<p><span style=\"color: #008000;\"><b>NBS ist st\u00e4ndig bem\u00fcht bestm\u00f6gliche Produkte bester Qualit\u00e4t zu erforschen und anzubieten.<\/b><\/span><\/p>\n<p><span style=\"color: #008000;\"><b>Dabei ist es unser Ziel die Natur zu schonen und zum Wohle Aller sinnvoll einzusetzen.<\/b><\/span><\/p>\n<p><span style=\"color: #008000;\"><b>Dabei sind es vor allem die u.a. aus dem Fernsehen bekannten Effektiven Mikroorganismen<\/b><\/span><\/p>\n<p><span style=\"color: #008000;\"><b>und ihre Wirkung auf alles Leben, welche uns inspiriert haben.<br \/>\n<\/b><\/span><\/p>\n<p><span style=\"color: #008000;\"><b>Profitieren sie schon heute von der Technik von Morgen!<\/b><\/span><\/p>\n","protected":false},"excerpt":{"rendered":"<p>siehe bitte auch Corona Special (s.o.) NBS ist st\u00e4ndig bem\u00fcht bestm\u00f6gliche Produkte bester Qualit\u00e4t zu erforschen und anzubieten. Dabei ist es unser Ziel die Natur zu schonen und zum Wohle Aller sinnvoll einzusetzen. Dabei sind es vor allem die u.a. aus dem Fernsehen bekannten Effektiven Mikroorganismen und ihre Wirkung auf alles Leben, welche uns inspiriert [&hellip;]<\/p>\n","protected":false},"author":1,"featured_media":551,"parent":0,"menu_order":0,"comment_status":"closed","ping_status":"closed","template":"template-homepage.php","meta":{"_monsterinsights_skip_tracking":false,"_monsterinsights_sitenote_active":false,"_monsterinsights_sitenote_note":"","_monsterinsights_sitenote_category":0,"jetpack_post_was_ever_published":false,"footnotes":""},"class_list":["post-71","page","type-page","status-publish","has-post-thumbnail","hentry"],"jetpack_sharing_enabled":true,"jetpack_shortlink":"https:\/\/wp.me\/P9M12W-19","_links":{"self":[{"href":"https:\/\/www.nbs-sr.de\/index.php?rest_route=\/wp\/v2\/pages\/71","targetHints":{"allow":["GET"]}}],"collection":[{"href":"https:\/\/www.nbs-sr.de\/index.php?rest_route=\/wp\/v2\/pages"}],"about":[{"href":"https:\/\/www.nbs-sr.de\/index.php?rest_route=\/wp\/v2\/types\/page"}],"author":[{"embeddable":true,"href":"https:\/\/www.nbs-sr.de\/index.php?rest_route=\/wp\/v2\/users\/1"}],"replies":[{"embeddable":true,"href":"https:\/\/www.nbs-sr.de\/index.php?rest_route=%2Fwp%2Fv2%2Fcomments&post=71"}],"version-history":[{"count":12,"href":"https:\/\/www.nbs-sr.de\/index.php?rest_route=\/wp\/v2\/pages\/71\/revisions"}],"predecessor-version":[{"id":745,"href":"https:\/\/www.nbs-sr.de\/index.php?rest_route=\/wp\/v2\/pages\/71\/revisions\/745"}],"wp:featuredmedia":[{"embeddable":true,"href":"https:\/\/www.nbs-sr.de\/index.php?rest_route=\/wp\/v2\/media\/551"}],"wp:attachment":[{"href":"https:\/\/www.nbs-sr.de\/index.php?rest_route=%2Fwp%2Fv2%2Fmedia&parent=71"}],"curies":[{"name":"wp","href":"https:\/\/api.w.org\/{rel}","templated":true}]}}